atest common divisor of k and 96.
12
Let x be 448/49 - 9 - 20/(-7). What is the highest common factor of x and 297?
3
Let u = 454 + -245. Calculate the greatest common divisor of 19 and u.
19
Let i(k) = 5*k**2 - 2*k - 24. Let g = 35 - 29. Let n be i(g). Calculate the greatest common divisor of 16 and n.
16
Let l = 845 + -344. Suppose l = 5*a - 299. Calculate the highest common divisor of a and 10.
10
Suppose -3*y = 4*k + 443, k + 0*k = -3*y - 122. Suppose 3*t + 213 = 4*n, 0 = -t + 5*n - 42 - 40. Let z = t - k. What is the greatest common factor of z and 8?
8
Let f = -140 + 89. Let o = -19 - f. Suppose 258 = 2*q - 2*k, q + 0*k - 131 = 3*k. What is the greatest common divisor of q and o?
32
Let x = -47 - -85. Let j = -16 + x. Let q be 201 + 4 + (-4 - 3). Calculate the greatest common factor of q and j.
22
Let s(z) = 2*z**2 - 22*z + 83. Let t be s(9). What is the highest common divisor of 376 and t?
47
Let f be 1 + 2 - 0 - -2. Let r = 2326 - 2286. Calculate the highest common divisor of r and f.
5
Suppose 0 = 35*x + 34*x - 1311. Suppose u = 3*n + 98, -2*u - 5*n = -119 - 66. Calculate the highest common divisor of x and u.
19
Suppose 3*p = 3*z - 3 + 60, 5*p + 3*z - 55 = 0. What is the highest common divisor of p and 504?
14
Suppose 12*a = 395 + 1009. What is the highest common divisor of a and 78?
39
Let l = -796 - -230. Let q be l/(-3) + 2/6. What is the greatest common divisor of 21 and q?
21
Suppose -4*w + 676 = -q, -3*q = -2*w + 295 + 53. Suppose -5*n = u - 116, 4*u + 136 = -3*n + 8*n. What is the highest common factor of n and w?
24
Suppose -5*i - 2*p = -200, -175 = -5*i - 2*p + 5*p. Let q = i - 4. Calculate the greatest common divisor of 85 and q.
17
Let u = 11 + -6. Suppose 2*s - u*h = -3*s + 75, s - 4*h = 30. Let b(n) = -31*n - 3. Let m be b(-3). What is the greatest common divisor of s and m?
10
Suppose -q = 101 - 17. Let a = q - -109. Calculate the highest common factor of a and 10.
5
Let j(z) = z**3 - 11*z**2 - 12*z - 6. Let t be j(12). Let x = t + 98. What is the greatest common factor of x and 23?
23
Let h = 38 - 26. Let p = 14 - h. Suppose -5*k - 12 = s - p*s, 3*s = -2*k + 19. Calculate the greatest common factor of 7 and s.
7
Let f(w) = 949*w**2 - 7*w - 8. Let j be f(-1). Calculate the highest common factor of 12 and j.
12
Suppose 2*f + 114 = -28*s + 31*s, -4*s - 3*f + 169 = 0. What is the highest common factor of s and 56?
8
Let h be (-88)/(-4)*(-10)/(-20). Calculate the greatest common divisor of 22 and h.
11
Suppose -5*h + 257 = -468. What is the highest common factor of h and 58?
29
Suppose 145 + 239 = 6*w. What is the greatest common divisor of w and 4?
4
Let d(n) = 2*n**2 + 15*n + 59. Let k be d(-7). Let p = 5 + -1. Suppose p*c = 6*c - 26. Calculate the highest common divisor of c and k.
13
Let c be (-11)/((-693)/(-2718))*-21. Calculate the highest common factor of c and 6.
6
Suppose 4*x + 4*c = 0, -x - c = 2*c. Suppose -2*h - 5*s + 6 = x, 0*h = -2*h + 4*s + 6. Calculate the highest common divisor of 24 and h.
3
Let s(h) = 7*h + 5. Let o be (30/(-12))/(1/(-2)). Let x be s(o). Suppose 5*d = -4*q, -2*q + d + 29 = 3*q. Calculate the highest common divisor of x and q.
5
Suppose 4*v = -w - 4*w + 6, 5*v - 14 = -3*w. Suppose -4*g + 9 = 3*x - v*x, 3*x = -3*g + 3. Calculate the greatest common factor of 18 and g.
2
Let v(c) = 5*c**2 + 6*c - 4. Let n be v(4). Suppose 6*y = 5*t + 10*y - 180, 3*y - 25 = -t. Calculate the highest common divisor of n and t.
20
Let v be 9*542/33 - 2/(-11). Calculate the greatest common divisor of v and 814.
74
Let a = -341 + 344. Calculate the greatest common divisor of 39 and a.
3
Let y be -3*(-3)/3 + -3. Suppose -x - 4*p - 3 = -41, -x + p + 53 = y. Calculate the greatest common factor of 200 and x.
50
Let b = 9 - 5. Let x = 18 + -15. Let f be 3*(x - b) - -9. What is the greatest common divisor of 6 and f?
6
Let l be 45/(0 + 1/3). Suppose -199 = 9*t - 514. Suppose 4*v - f - t = 2*v, -45 = -2*v + 3*f. Calculate the highest common factor of l and v.
15
Let y = -25 + 14. Let s be (y/(-2) - 3)*66. What is the greatest common divisor of s and 33?
33
Suppose -3*z = -556 + 49. What is the highest common factor of z and 13?
13
Let d = 332 - 172. Calculate the greatest common factor of 80 and d.
80
Suppose -1590*o - 1980 = -1608*o. Suppose -3*z + 5*z = 20. Calculate the highest common divisor of o and z.
10
Let h be (1 - -121)*(-185)/(-74). What is the highest common divisor of 183 and h?
61
Suppose -4*f + 2 = -r, -6*r = -r + 2*f + 10. Let z(w) = -20 - 4*w - 20 + 48 - 4*w. Let u be z(r). What is the highest common factor of 168 and u?
24
Let g be 34*(1 + 21/6). Let w be (-16)/(-12)*-3 + 7. Suppose w*j + 2*h = -3*h + 51, 0 = h. What is the greatest common factor of g and j?
17
Let n be 342/15 - 3/(-15) - -2. Let b be -2 - (-3)/(9/588). Suppose 181 = 5*v - b. What is the greatest common divisor of n and v?
25
Suppose 39*w - 30*w - 9 = 0. What is the highest common factor of 7 and w?
1
Suppose v + 4*v - 15 = 0. Suppose 7*q - 588 = v*q. Let t(d) = 64*d - 555. Let k be t(9). Calculate the greatest common factor of k and q.
21
Suppose 98*l + 84 = 104*l. What is the highest common factor of l and 56?
14
Suppose -u = 3*u + 16. Let d be 3*u*(-11)/3. Calculate the highest common divisor of 11 and d.
11
Let o = -17 - -24. Let g = 193 + -116. What is the greatest common divisor of g and o?
7
Let a = 81 - 76. Let d be 9/2*(a - 219/(-9)). What is the greatest common divisor of d and 88?
44
Suppose 4*m - 100 = 3*g, -3*m - 97 = 3*g - 4*m. Let a = g - -302. Suppose 2*y - 60 = -0*y. What is the highest common divisor of y and a?
30
Let s be 111/(-39) - (-3)/((-117)/6). Let h be s + 3/((-12)/(-100)). Calculate the highest common factor of h and 33.
11
Let z be 5/2 - (-6)/(-14 - -2). Suppose k - z*g = 5*k - 40, 2*k = -5*g + 20. Calculate the highest common divisor of k and 50.
10
Let o(r) = 10*r + 25. Let m be o(-8). Let p = m - -97. What is the highest common factor of 56 and p?
14
Let u = 101 - 36. Let n be 1261/u - 4/10. What is the highest common divisor of n and 19?
19
Suppose 2*l - 46 = 2*h + 54, -h + 190 = 4*l. Calculate the highest common factor of 176 and l.
16
Suppose 17*h - 20*h = -732. Let j be h/12 + (-5)/15. Calculate the highest common divisor of 140 and j.
20
Suppose -5*m + 4 = 19. Let t be 310/6 - 1/m. Let b(q) = 14*q**2 + 2*q + 1. Let x be b(-1). Calculate the highest common divisor of x and t.
13
Let s = 3 + 0. Suppose 4*o - 36 = s*o. Let f = 1124 + -1106. What is the highest common divisor of o and f?
18
Let h be 1 + (-252 - (6 - 4)). Let z = h - -393. Suppose 0 = -22*u + 17*u + z. Calculate the greatest common divisor of 252 and u.
28
Let q(k) = -k**2 - 6*k - 5. Let p be q(-4). Suppose p*f + 2*a - 88 = 0, -3*f - a + 100 = -2*a. Calculate the highest common divisor of 32 and f.
32
Let n(v) = v**2 + 18*v - 25. Let k(w) = w**2 + 3 - 33*w - 4 + 34*w. Let h(d) = 3*k(d) - n(d). Let l be h(11). Calculate the greatest common factor of l and 11.
11
Let c be 1 - 735/(-27) - (-6)/(-27). Calculate the greatest common divisor of c and 8.
4
Suppose -40*b = b - 4674. Calculate the greatest common divisor of b and 1539.
57
Let w(g) be the third derivative of -g**6/120 - g**5/30 + 3*g**4/8 - 17*g**3/6 + 21*g**2. Let r be w(-5). Calculate the greatest common factor of 117 and r.
13
Let r(b) = -b - 19. Let z be r(7). Let q be -1 - (z + -4 + 1). What is the greatest common divisor of 308 and q?
28
Suppose -2*u = 5*i - 262, -3*i + 4*i - 2*u - 62 = 0. Let c = 201 - 120. What is the highest common factor of c and i?
27
Suppose 3*t + 121 = 14*t. Calculate the highest common factor of t and 143.
11
Let t = -68 + 63. Let i be 3 - (t - -2 - -2). Calculate the greatest common divisor of 8 and i.
4
Let x(h) = h + 177. Let s be x(-24). Calculate the greatest common divisor of s and 9.
9
Suppose l + l = 192. Suppose -x + 97 = -2*n, 2*n = -3*x - 2*x - 91. Let h = l + n. Calculate the highest common divisor of h and 16.
16
Suppose -14*o = o - 2340. Suppose -z + 59 - 20 = 0. What is the greatest common divisor of z and o?
39
Suppose -44*i + 72 = -43*i. What is the highest common divisor of i and 360?
72
Let x(s) = 5*s**3 + 2*s**2 - s + 4. Let m be x(2). Let h be 81/4 - (-3)/(-12). What is the greatest common divisor of m and h?
10
Let l be (-2